actor of j and z?
10
Suppose -12*p + 164 = -16*p. Let h = -16 - p. Calculate the greatest common divisor of h and 100.
25
Suppose 8*z - 42 = 22. Calculate the highest common factor of 2 and z.
2
Let d = -16 + 38. Calculate the highest common divisor of 550 and d.
22
Let l(y) = y**3 + 5*y**2 - y - 5. Let z be l(0). Let t be 140 - (-5 + 25)/z. What is the highest common divisor of 18 and t?
18
Suppose 13*j + 64 = 29*j. Calculate the highest common divisor of 292 and j.
4
Let k = -84 + 108. Calculate the greatest common divisor of k and 1608.
24
Suppose 5*r - 760 = -5*s, -602 = -5*s - 4*r + 156. What is the highest common divisor of 330 and s?
30
Let y be 3/6 + (-22)/(-4). Let p(t) = -60*t - 390. Let h be p(-7). What is the highest common factor of h and y?
6
Suppose -5*k = -3*n - 7, -4*k + 4 = -4*n - 0. Suppose k*j = -2*t + 36, 2*t = -3*j + 4 + 53. What is the highest common divisor of 105 and j?
21
Let f = -39 + 39. Let z(w) = w**3 + w**2 + 2*w + 12. Let l be z(f). Calculate the highest common divisor of l and 6.
6
Let s be 4/(-6) + 40/6. Suppose 0*d - 22 = 11*d. Let c be 0 - (-3 + d/(-2)*0). Calculate the greatest common factor of s and c.
3
Let q be (0/(-2))/(-1 - 1). Let h be q*(-3 + 3 + -1). Suppose 5*v - 3*v - 2 = h. What is the highest common divisor of v and 11?
1
Let v(q) = -5*q**2 + 67*q + 63. Let o be v(14). Let z(s) = s**3 - 6*s**2 + 2*s - 9. Let b be z(6). Calculate the greatest common factor of o and b.
3
Suppose 2*o + 2*o = 424. Let t = 141 - o. Calculate the highest common factor of t and 385.
35
Let p(k) = -k - 13. Let g be p(-22). Let f be 188/12 - (3 - 21/g). Calculate the greatest common divisor of 120 and f.
15
Let c be (51/153)/((-1)/(-87)). What is the highest common divisor of 29 and c?
29
Suppose 4*o + 2*a + 18 + 4 = 0, 4 = 2*o - 2*a. Let s be (2/((-6)/9))/(o/42). What is the greatest common factor of s and 6?
6
Let j(b) = -b - 13. Let u be j(-15). Calculate the highest common factor of u and 40.
2
Let t be 6/(-5)*10/(-3). Suppose t*x - 6*x = -264. Let g = -77 + x. Calculate the highest common divisor of 11 and g.
11
Suppose -9072 = -50*m - 13*m. What is the highest common factor of m and 9?
9
Suppose -3*f + 0*o - 2*o + 168 = 0, 0 = 2*f + 5*o - 123. What is the greatest common factor of f and 18?
18
Let u(b) = 5*b - 87. Let o be u(19). Calculate the greatest common factor of o and 1.
1
Let x be ((-8)/12)/((-1)/63). Suppose l - 5*j + x = -7, 0 = 3*l - 3*j + 87. Let m = 36 + l. What is the highest common divisor of m and 18?
6
Let r be (-2)/(-4) - (-20)/8. Suppose v - 63 = 3*o, r = -3*o - 12. Let d be (1/(-2))/((-1)/32). What is the greatest common factor of d and v?
16
Let c be 34 + -39 - -1*33. What is the greatest common divisor of c and 9?
1
Let r(b) = -151*b - 330. Let y be r(-6). What is the highest common factor of y and 64?
64
Let g = -33 - -8. Let o = -1210 + 1200. Let m be (o/g)/(3/60). What is the highest common divisor of 88 and m?
8
Let q be (-40)/4 + 1706 + -16. Calculate the greatest common divisor of 84 and q.
84
Suppose 6*j - 5*j - 2 = 0. Suppose 2*z - 54 = 4*c - 0*z, j*c + 4*z + 42 = 0. Let x = -3 - c. What is the highest common factor of x and 36?
12
Suppose -55*d = -72*d - 85*d + 1836. Suppose 0 = 5*t - 3*k - 90, 86 = 5*t - 4*k - 4. What is the highest common divisor of t and d?
18
Let l(n) = -6*n - 38. Let w be l(-23). Calculate the highest common divisor of 2900 and w.
100
Let l be 3 - -1*(-1 + -2). Suppose 4*v + l*v = -360. Let o be (-6 + 5)*v/1. What is the greatest common factor of 10 and o?
10
Suppose 11 = k - 22. Suppose 3*h + k = 108. Calculate the greatest common factor of 50 and h.
25
Let k(i) = -5*i - 46. Let y(x) = 4*x + 46. Let l(v) = -6*k(v) - 5*y(v). Let n be l(14). Calculate the greatest common factor of 124 and n.
62
Let l = 805 + -457. Let r be (-6)/(-9) + l/18. What is the highest common divisor of 100 and r?
20
Let f(l) = 10*l**2 + 29*l - 53. Let g be f(2). What is the greatest common divisor of 15 and g?
15
Let t(v) = -4*v + 88. Let p be t(22). Suppose -m + p*m = 0, 2*m + 91 = u. What is the highest common factor of u and 7?
7
Suppose -2*w + 3 = -5. Suppose w*x = -5*t - 37, -5 = 4*x - t + 2. Let f(s) = s**2 + 2*s + 1. Let r be f(x). What is the highest common divisor of r and 20?
4
Suppose 2*j = 3*j - 44. Calculate the highest common divisor of 242 and j.
22
Let k = -130 + 143. Calculate the highest common divisor of 39 and k.
13
Suppose 3*r = -d + 45, -7*d + 5*d + 87 = 3*r. Calculate the greatest common factor of 406 and d.
14
Suppose -4*n = -z - 9, -n = z - 4*n + 6. Suppose 0 = -4*b - 0*b + 20. Suppose 5 + b = 5*r. What is the highest common divisor of r and z?
1
Let h be (84/(-60) - (-2 - -1))*-30. Let v = -92 + 140. What is the highest common factor of v and h?
12
Let p = -10 - -13. Let r(t) = 8*t**2 + 6 + 0*t + 5*t + 0 + 2*t**2 + t**p. Let d be r(-9). What is the greatest common divisor of d and 6?
6
Let g = 1244 - 1189. Calculate the greatest common divisor of g and 715.
55
Suppose -g = -5*g - 3*i - 35, -i = -3*g - 10. Let d be (-25)/(-10)*(-4)/g. Suppose u - c - 14 = -0*u, 0 = -d*c. Calculate the greatest common factor of 7 and u.
7
Suppose -19*s = 12*s - 868. Let w(f) = -f + 1. Let d(q) = -2*q - 3. Let m(a) = d(a) + 4*w(a). Let n be m(-1). Calculate the greatest common divisor of s and n.
7
Let z(w) = w**2 - w + 1. Let y be z(1). Suppose 3 = u - y. Calculate the highest common divisor of u and 12.
4
Suppose 4*j + 589 = 1273. What is the greatest common divisor of j and 36?
9
Let u = 27 + 379. Calculate the greatest common factor of 116 and u.
58
Let p(m) = -m**3 - 43*m**2 + m + 113. Let i be p(-43). What is the highest common divisor of i and 20?
10
Let a = -66 - -96. Let c(b) = b**3 + 8*b**2 - 2*b - 10. Suppose -3*n = -18 + 42. Let k be c(n). What is the highest common divisor of a and k?
6
Let a be 90*(-14)/5*(-6)/21. Suppose 2 + 0 = u, -3*b = -3*u - 18. What is the highest common factor of a and b?
8
Let f = 59 - 27. Suppose -2*j + n + f = 0, 0 - 2 = j + 4*n. Calculate the highest common factor of 14 and j.
14
Let h be 54/12*(-4)/(-2). Let g be (30/h)/(8/12). Suppose -3*v + 6*v = -2*y + 59, g*y + v = 141. What is the greatest common divisor of 140 and y?
28
Let z = 101 + 40. Let w be 6039/122 - (-10)/(-4). Calculate the greatest common divisor of w and z.
47
Let n(q) = -34*q**3 - 2*q**2 + q. Let m be n(1). Let d = 50 + m. What is the greatest common divisor of d and 45?
15
Let l = 146 + -129. Suppose 5*o - l = 183. Calculate the greatest common divisor of 20 and o.
20
Let n be (-4)/20*10*(-26)/4. Let i(t) be the third derivative of 2*t**5/15 - t**4/4 + t**2. Let s be i(4). Calculate the highest common divisor of s and n.
13
Suppose -7*v + 44 = -348. What is the greatest common divisor of v and 70?
14
Suppose 6*a = 3*w + 5*a - 43, 4*a + 81 = 5*w. Calculate the greatest common divisor of 104 and w.
13
Let a be (-10)/65 - (-216)/52. Suppose -3*m = -5*w + 45, 4*w - a*m - 12 = 24. What is the greatest common divisor of w and 3?
3
Suppose 25*i + 9*i = 2040. What is the greatest common factor of 285 and i?
15
Let d be 1 - 4 - -4 - 1. Suppose -5*b + 93 + 1142 = d. Suppose -z + 148 = 2*z - 2*r, -3*r - b = -5*z. What is the highest common divisor of 75 and z?
25
Suppose 0 = -4*x + 33 - 13. Suppose x*w - 39 = 61. Calculate the highest common factor of 10 and w.
10
Let x = 12 - 7. Suppose x*y = 3*y + 26. Let c be (-384)/(-15) - (-1)/(15/6). Calculate the greatest common divisor of c and y.
13
Suppose 9*x = -5*x + 756. Calculate the highest common factor of x and 96.
6
Let d(j) = 19*j**3 + 4*j - 4. Let t be d(2). Suppose 0 = -y - 2*x + t, -2*y - 480 = -5*y - 2*x. What is the greatest common divisor of y and 18?
18
Suppose 34 = 10*h - 8*h - 2*f, 5*f = h - 21. What is the greatest common factor of h and 64?
16
Let r(n) = -3*n + 4*n + 8 + 0*n. Let o be r(-8). Suppose 4*x - 9 - 11 = o. Calculate the greatest common divisor of x and 55.
5
Suppose 3355*z - 3363*z = -1520. What is the highest common divisor of z and 475?
95
Suppose 0 = 2*v - 2 - 4. Suppose v*w - 7*w + 864 = 0. Let j = 318 + -291. What is the highest common factor of w and j?
27
Let b be 1/((-1270)/3300 - (-2)/5). Calculate the greatest common divisor of 6 and b.
6
Let r(l) = l**3 - 12*l**2 - 14*l + 18. Let f be r(13). S